{"id":846,"date":"2019-07-10T16:13:05","date_gmt":"2019-07-10T14:13:05","guid":{"rendered":"http:\/\/xndevespju.cluster027.hosting.ovh.net\/?post_type=product&#038;p=846"},"modified":"2025-04-12T12:08:46","modified_gmt":"2025-04-12T10:08:46","slug":"abat-jour-theme-carte-postale-ancienne-carte","status":"publish","type":"product","link":"https:\/\/esprit-lumieres.com\/index.php\/product\/abat-jour-theme-carte-postale-ancienne-carte\/","title":{"rendered":"Abat-jour th\u00e8me carte postale ancienne\/carte"},"content":{"rendered":"<p><img decoding=\"async\" src=\"http:\/\/www.esprit-lumieres.com\/images\/picto\/etoile_rose.png\" alt=\"\" border=\"0\" \/>\u00a0<span class=\"rose_titre\">Description<\/span><br \/>\nAbat-jour tambour th\u00e8me carte postale ancienne\/carte<\/p>\n<p>cr\u00e9ation sur mesure enti\u00e8rement personnalisable<br \/>\nchaque abat-jour est compos\u00e9 de 4 planches format paysage<\/p>\n<p>plusieurs tailles possibles en abat-jour ou suspension<\/p>\n<p><img decoding=\"async\" src=\"http:\/\/www.esprit-lumieres.com\/images\/picto\/etoile_rose.png\" alt=\"\" border=\"0\" \/> <img decoding=\"async\" src=\"http:\/\/www.esprit-lumieres.com\/images\/picto\/etoile_rose.png\" alt=\"\" border=\"0\" \/>\u00a0<span class=\"rose_titre\">Dimensions<br \/>\n<\/span>diam\u00e8tre 20 cm : 56 euros<br \/>\ndiam\u00e8tre 25 cm : 64 euros<br \/>\ndiam\u00e8tre 30 cm : 72 euros<br \/>\ndiam\u00e8tre 35 cm : 82 euros<br \/>\ndiam\u00e8tre 40 cm : 92 euros (suspension ou abat-jour)<br \/>\ndiam\u00e8tre 45 cm : 100 euros (suspension ou abat-jour)<br \/>\ndiam\u00e8tre 50 cm : 112 euros (suspension ou abat-jour)<br \/>\nDiam\u00e8tre : 60 cm : 125\u00a0 euros (suspension) RETRAIT UNIQUEMENT A L&rsquo;ATELIER<\/p>\n<p>Pour les suspensions pr\u00e9voir 8 euros si besoin d&rsquo;un fil et 10 euros pour un tamiseur<\/p>\n<p><img decoding=\"async\" src=\"http:\/\/www.esprit-lumieres.com\/images\/picto\/etoile_rose.png\" alt=\"\" border=\"0\" \/>\u00a0<span class=\"rose_titre\">Frais de port<\/span><br \/>\n9 euros en colissimo pour les diam\u00e8tres de 20 \u00e0 30 cm, 13 euros en envoi chronopost avec livraison en relais pour les diam\u00e8tres de 35 \u00e0 50 cm<\/p>\n<p><img decoding=\"async\" src=\"http:\/\/www.esprit-lumieres.com\/images\/picto\/etoile_rose.png\" alt=\"\" border=\"0\" \/>\u00a0<span class=\"rose_titre\">Moyens de paiement<\/span><br \/>\nch\u00e8que, virement ou Paypal<\/p>\n","protected":false},"excerpt":{"rendered":"<p>\u00a0Description Abat-jour tambour th\u00e8me carte postale ancienne\/carte cr\u00e9ation sur mesure enti\u00e8rement personnalisable chaque abat-jour est compos\u00e9 de 4 planches format paysage plusieurs tailles possibles en abat-jour ou suspension \u00a0Dimensions diam\u00e8tre 20 cm : 56 euros diam\u00e8tre 25 cm : 64 euros diam\u00e8tre 30 cm : 72 euros diam\u00e8tre 35 cm : 82 euros diam\u00e8tre 40 [&hellip;]<\/p>\n","protected":false},"featured_media":856,"comment_status":"open","ping_status":"closed","template":"","meta":[],"product_brand":[],"product_cat":[17,213,215],"product_tag":[],"class_list":{"0":"post-846","1":"product","2":"type-product","3":"status-publish","4":"has-post-thumbnail","6":"product_cat-abat-jour","7":"product_cat-abat-jour_tambour","8":"product_cat-abat-jour_tambour_impression_numerique","10":"first","11":"instock","12":"shipping-taxable","13":"purchasable","14":"product-type-variable"},"_links":{"self":[{"href":"https:\/\/esprit-lumieres.com\/index.php\/wp-json\/wp\/v2\/product\/846","targetHints":{"allow":["GET"]}}],"collection":[{"href":"https:\/\/esprit-lumieres.com\/index.php\/wp-json\/wp\/v2\/product"}],"about":[{"href":"https:\/\/esprit-lumieres.com\/index.php\/wp-json\/wp\/v2\/types\/product"}],"replies":[{"embeddable":true,"href":"https:\/\/esprit-lumieres.com\/index.php\/wp-json\/wp\/v2\/comments?post=846"}],"wp:featuredmedia":[{"embeddable":true,"href":"https:\/\/esprit-lumieres.com\/index.php\/wp-json\/wp\/v2\/media\/856"}],"wp:attachment":[{"href":"https:\/\/esprit-lumieres.com\/index.php\/wp-json\/wp\/v2\/media?parent=846"}],"wp:term":[{"taxonomy":"product_brand","embeddable":true,"href":"https:\/\/esprit-lumieres.com\/index.php\/wp-json\/wp\/v2\/product_brand?post=846"},{"taxonomy":"product_cat","embeddable":true,"href":"https:\/\/esprit-lumieres.com\/index.php\/wp-json\/wp\/v2\/product_cat?post=846"},{"taxonomy":"product_tag","embeddable":true,"href":"https:\/\/esprit-lumieres.com\/index.php\/wp-json\/wp\/v2\/product_tag?post=846"}],"curies":[{"name":"wp","href":"https:\/\/api.w.org\/{rel}","templated":true}]}}