{"id":8166,"date":"2024-07-02T17:49:23","date_gmt":"2024-07-02T15:49:23","guid":{"rendered":"https:\/\/esprit-lumieres.com\/?post_type=product&#038;p=8166"},"modified":"2024-07-02T17:49:26","modified_gmt":"2024-07-02T15:49:26","slug":"grand-paravent-ancien-4-panneaux-patine-dorigine","status":"publish","type":"product","link":"https:\/\/esprit-lumieres.com\/index.php\/product\/grand-paravent-ancien-4-panneaux-patine-dorigine\/","title":{"rendered":"Grand paravent ancien 4 panneaux, patine d&rsquo;origine"},"content":{"rendered":"<p>Grand paravent ancien, 4 panneaux de 66 cm, hauteur 157 cm, d\u00e9cor Louis XVI<\/p>\n<p>\u00e0 rafraichir, la patine bleu gris est d&rsquo;origine.<\/p>\n<p>Pas d&rsquo;envoi \u00e0 retirer \u00e0 Villemomble, objet lourd et stable<\/p>\n","protected":false},"excerpt":{"rendered":"<p>Grand paravent ancien, 4 panneaux de 66 cm, hauteur 157 cm, d\u00e9cor Louis XVI \u00e0 rafraichir, la patine bleu gris est d&rsquo;origine. Pas d&rsquo;envoi \u00e0 retirer \u00e0 Villemomble, objet lourd et stable<\/p>\n","protected":false},"featured_media":8167,"comment_status":"open","ping_status":"closed","template":"","meta":[],"product_brand":[],"product_cat":[19],"product_tag":[],"class_list":{"0":"post-8166","1":"product","2":"type-product","3":"status-publish","4":"has-post-thumbnail","6":"product_cat-decoration","8":"first","9":"instock","10":"shipping-taxable","11":"purchasable","12":"product-type-simple"},"_links":{"self":[{"href":"https:\/\/esprit-lumieres.com\/index.php\/wp-json\/wp\/v2\/product\/8166","targetHints":{"allow":["GET"]}}],"collection":[{"href":"https:\/\/esprit-lumieres.com\/index.php\/wp-json\/wp\/v2\/product"}],"about":[{"href":"https:\/\/esprit-lumieres.com\/index.php\/wp-json\/wp\/v2\/types\/product"}],"replies":[{"embeddable":true,"href":"https:\/\/esprit-lumieres.com\/index.php\/wp-json\/wp\/v2\/comments?post=8166"}],"wp:featuredmedia":[{"embeddable":true,"href":"https:\/\/esprit-lumieres.com\/index.php\/wp-json\/wp\/v2\/media\/8167"}],"wp:attachment":[{"href":"https:\/\/esprit-lumieres.com\/index.php\/wp-json\/wp\/v2\/media?parent=8166"}],"wp:term":[{"taxonomy":"product_brand","embeddable":true,"href":"https:\/\/esprit-lumieres.com\/index.php\/wp-json\/wp\/v2\/product_brand?post=8166"},{"taxonomy":"product_cat","embeddable":true,"href":"https:\/\/esprit-lumieres.com\/index.php\/wp-json\/wp\/v2\/product_cat?post=8166"},{"taxonomy":"product_tag","embeddable":true,"href":"https:\/\/esprit-lumieres.com\/index.php\/wp-json\/wp\/v2\/product_tag?post=8166"}],"curies":[{"name":"wp","href":"https:\/\/api.w.org\/{rel}","templated":true}]}}