{"id":8076,"date":"2024-06-23T19:42:31","date_gmt":"2024-06-23T17:42:31","guid":{"rendered":"https:\/\/esprit-lumieres.com\/?post_type=product&#038;p=8076"},"modified":"2024-06-23T19:42:34","modified_gmt":"2024-06-23T17:42:34","slug":"petit-vide-poche-ancien-en-cloisonnedecor-de-mesange","status":"publish","type":"product","link":"https:\/\/esprit-lumieres.com\/index.php\/product\/petit-vide-poche-ancien-en-cloisonnedecor-de-mesange\/","title":{"rendered":"petit vide poche ancien en cloisonn\u00e9,d\u00e9cor de m\u00e9sange"},"content":{"rendered":"<p>petit vide poche ancien en cloisonn\u00e9,d\u00e9cor de m\u00e9sange<\/p>\n<p>10 cm<\/p>\n<p>Frais de port : 4,5 euros en colissimo<\/p>\n","protected":false},"excerpt":{"rendered":"<p>petit vide poche ancien en cloisonn\u00e9,d\u00e9cor de m\u00e9sange 10 cm Frais de port : 4,5 euros en colissimo<\/p>\n","protected":false},"featured_media":8077,"comment_status":"open","ping_status":"closed","template":"","meta":[],"product_brand":[],"product_cat":[19],"product_tag":[],"class_list":{"0":"post-8076","1":"product","2":"type-product","3":"status-publish","4":"has-post-thumbnail","6":"product_cat-decoration","8":"first","9":"instock","10":"shipping-taxable","11":"purchasable","12":"product-type-simple"},"_links":{"self":[{"href":"https:\/\/esprit-lumieres.com\/index.php\/wp-json\/wp\/v2\/product\/8076","targetHints":{"allow":["GET"]}}],"collection":[{"href":"https:\/\/esprit-lumieres.com\/index.php\/wp-json\/wp\/v2\/product"}],"about":[{"href":"https:\/\/esprit-lumieres.com\/index.php\/wp-json\/wp\/v2\/types\/product"}],"replies":[{"embeddable":true,"href":"https:\/\/esprit-lumieres.com\/index.php\/wp-json\/wp\/v2\/comments?post=8076"}],"wp:featuredmedia":[{"embeddable":true,"href":"https:\/\/esprit-lumieres.com\/index.php\/wp-json\/wp\/v2\/media\/8077"}],"wp:attachment":[{"href":"https:\/\/esprit-lumieres.com\/index.php\/wp-json\/wp\/v2\/media?parent=8076"}],"wp:term":[{"taxonomy":"product_brand","embeddable":true,"href":"https:\/\/esprit-lumieres.com\/index.php\/wp-json\/wp\/v2\/product_brand?post=8076"},{"taxonomy":"product_cat","embeddable":true,"href":"https:\/\/esprit-lumieres.com\/index.php\/wp-json\/wp\/v2\/product_cat?post=8076"},{"taxonomy":"product_tag","embeddable":true,"href":"https:\/\/esprit-lumieres.com\/index.php\/wp-json\/wp\/v2\/product_tag?post=8076"}],"curies":[{"name":"wp","href":"https:\/\/api.w.org\/{rel}","templated":true}]}}