{"id":7328,"date":"2023-12-29T15:16:44","date_gmt":"2023-12-29T14:16:44","guid":{"rendered":"https:\/\/esprit-lumieres.com\/?post_type=product&#038;p=7328"},"modified":"2024-08-08T12:46:26","modified_gmt":"2024-08-08T10:46:26","slug":"abat-jour-pagode-gravures-villes-ou-pays","status":"publish","type":"product","link":"https:\/\/esprit-lumieres.com\/index.php\/product\/abat-jour-pagode-gravures-villes-ou-pays\/","title":{"rendered":"abat-jour pagode gravures villes ou pays"},"content":{"rendered":"<p>Description<br \/>\nCollection Abat-jour pagode rectangulaire<\/p>\n<p>plusieurs tailles possibles, r\u00e9alisables dans le tissu de votre choix (plusieurs tissus sont pr\u00e9sent\u00e9s sur ce site \u00e0 la rubrique d\u00e9di\u00e9e)<\/p>\n<p><img decoding=\"async\" src=\"https:\/\/esprit-lumieres.com\/index.php\/product\/abat-jour-theme-beatrix-potter\/images\/picto\/etoile_rose.png\" alt=\"\" border=\"0\" \/><span class=\"rose_titre\">Dimensions<br \/>\n<\/span>largeur 20 cm : 70 euros<br \/>\ndiam\u00e8tre 25 cm : 80 euros<br \/>\ndiam\u00e8tre 30 cm : 90 euros<br \/>\ndiam\u00e8tre 35 cm : 100 euros (rabane et tissu uniquement)<br \/>\ndiam\u00e8tre : 40 cm : 110 euros (rabane et tissu uniquement)<\/p>\n<p><img decoding=\"async\" src=\"https:\/\/esprit-lumieres.com\/index.php\/product\/abat-jour-theme-beatrix-potter\/images\/picto\/etoile_rose.png\" alt=\"\" border=\"0\" \/>\u00a0<span class=\"rose_titre\">Frais de port<\/span><\/p>\n<p>10 euros en colissimo pour les dimensions 20\u00e0 35 cm<br \/>\n13 euros en envoi chronopost avec livraison en relais Chronopost pour les 40 cm<\/p>\n<p><img decoding=\"async\" src=\"https:\/\/esprit-lumieres.com\/index.php\/product\/abat-jour-theme-beatrix-potter\/images\/picto\/etoile_rose.png\" alt=\"\" border=\"0\" \/>\u00a0<span class=\"rose_titre\">Moyens de paiement<\/span><br \/>\nch\u00e8que, virement ou Paypal<\/p>\n","protected":false},"excerpt":{"rendered":"<p>Description Collection Abat-jour pagode rectangulaire plusieurs tailles possibles, r\u00e9alisables dans le tissu de votre choix (plusieurs tissus sont pr\u00e9sent\u00e9s sur ce site \u00e0 la rubrique d\u00e9di\u00e9e) Dimensions largeur 20 cm : 70 euros diam\u00e8tre 25 cm : 80 euros diam\u00e8tre 30 cm : 90 euros diam\u00e8tre 35 cm : 100 euros (rabane et tissu uniquement) [&hellip;]<\/p>\n","protected":false},"featured_media":6051,"comment_status":"open","ping_status":"closed","template":"","meta":[],"product_brand":[],"product_cat":[17,219],"product_tag":[],"class_list":{"0":"post-7328","1":"product","2":"type-product","3":"status-publish","4":"has-post-thumbnail","6":"product_cat-abat-jour","7":"product_cat-abat-jour_pagode","9":"first","10":"instock","11":"shipping-taxable","12":"purchasable","13":"product-type-variable","14":"has-default-attributes"},"_links":{"self":[{"href":"https:\/\/esprit-lumieres.com\/index.php\/wp-json\/wp\/v2\/product\/7328","targetHints":{"allow":["GET"]}}],"collection":[{"href":"https:\/\/esprit-lumieres.com\/index.php\/wp-json\/wp\/v2\/product"}],"about":[{"href":"https:\/\/esprit-lumieres.com\/index.php\/wp-json\/wp\/v2\/types\/product"}],"replies":[{"embeddable":true,"href":"https:\/\/esprit-lumieres.com\/index.php\/wp-json\/wp\/v2\/comments?post=7328"}],"wp:featuredmedia":[{"embeddable":true,"href":"https:\/\/esprit-lumieres.com\/index.php\/wp-json\/wp\/v2\/media\/6051"}],"wp:attachment":[{"href":"https:\/\/esprit-lumieres.com\/index.php\/wp-json\/wp\/v2\/media?parent=7328"}],"wp:term":[{"taxonomy":"product_brand","embeddable":true,"href":"https:\/\/esprit-lumieres.com\/index.php\/wp-json\/wp\/v2\/product_brand?post=7328"},{"taxonomy":"product_cat","embeddable":true,"href":"https:\/\/esprit-lumieres.com\/index.php\/wp-json\/wp\/v2\/product_cat?post=7328"},{"taxonomy":"product_tag","embeddable":true,"href":"https:\/\/esprit-lumieres.com\/index.php\/wp-json\/wp\/v2\/product_tag?post=7328"}],"curies":[{"name":"wp","href":"https:\/\/api.w.org\/{rel}","templated":true}]}}