{"id":5733,"date":"2021-01-11T19:06:07","date_gmt":"2021-01-11T18:06:07","guid":{"rendered":"https:\/\/esprit-lumieres.com\/?post_type=product&#038;p=5733"},"modified":"2021-01-11T19:06:10","modified_gmt":"2021-01-11T18:06:10","slug":"tissu-tahiti-creation-lesprit-des-lumieres","status":"publish","type":"product","link":"https:\/\/esprit-lumieres.com\/index.php\/product\/tissu-tahiti-creation-lesprit-des-lumieres\/","title":{"rendered":"Tissu Tahiti, cr\u00e9ation l&rsquo;Esprit des Lumi\u00e8res"},"content":{"rendered":"<p>diam\u00e8tre maxi pour un abat-jour : 45 cm<\/p>\n<p>Laize de 140 cm<\/p>\n<div dir=\"auto\">Diam\u00e8tre maxi 45 cm avec un petit raccord de biais.<\/div>\n<div dir=\"auto\">Taille id\u00e9ale 25 cm de diam\u00e8tre avec une bande de motif<\/div>\n<div dir=\"auto\">Ou 40 et 45 cm avec deux bandes<\/div>\n<p>cr\u00e9ation exclusive de l\u2019Esprit des Lumi\u00e8res<\/p>\n","protected":false},"excerpt":{"rendered":"<p>diam\u00e8tre maxi pour un abat-jour : 45 cm Laize de 140 cm Diam\u00e8tre maxi 45 cm avec un petit raccord de biais. Taille id\u00e9ale 25 cm de diam\u00e8tre avec une bande de motif Ou 40 et 45 cm avec deux bandes cr\u00e9ation exclusive de l\u2019Esprit des Lumi\u00e8res<\/p>\n","protected":false},"featured_media":5703,"comment_status":"open","ping_status":"closed","template":"","meta":[],"product_brand":[],"product_cat":[58,60],"product_tag":[],"class_list":{"0":"post-5733","1":"product","2":"type-product","3":"status-publish","4":"has-post-thumbnail","6":"product_cat-tissus","7":"product_cat-tissus-exotiques","9":"first","10":"instock","11":"shipping-taxable","12":"product-type-simple"},"_links":{"self":[{"href":"https:\/\/esprit-lumieres.com\/index.php\/wp-json\/wp\/v2\/product\/5733","targetHints":{"allow":["GET"]}}],"collection":[{"href":"https:\/\/esprit-lumieres.com\/index.php\/wp-json\/wp\/v2\/product"}],"about":[{"href":"https:\/\/esprit-lumieres.com\/index.php\/wp-json\/wp\/v2\/types\/product"}],"replies":[{"embeddable":true,"href":"https:\/\/esprit-lumieres.com\/index.php\/wp-json\/wp\/v2\/comments?post=5733"}],"wp:featuredmedia":[{"embeddable":true,"href":"https:\/\/esprit-lumieres.com\/index.php\/wp-json\/wp\/v2\/media\/5703"}],"wp:attachment":[{"href":"https:\/\/esprit-lumieres.com\/index.php\/wp-json\/wp\/v2\/media?parent=5733"}],"wp:term":[{"taxonomy":"product_brand","embeddable":true,"href":"https:\/\/esprit-lumieres.com\/index.php\/wp-json\/wp\/v2\/product_brand?post=5733"},{"taxonomy":"product_cat","embeddable":true,"href":"https:\/\/esprit-lumieres.com\/index.php\/wp-json\/wp\/v2\/product_cat?post=5733"},{"taxonomy":"product_tag","embeddable":true,"href":"https:\/\/esprit-lumieres.com\/index.php\/wp-json\/wp\/v2\/product_tag?post=5733"}],"curies":[{"name":"wp","href":"https:\/\/api.w.org\/{rel}","templated":true}]}}